Let b = r + 38. Suppose -5*u = 4*t - 25, -5*t + u - b + 75 = 0. What is the highest common divisor of 4 and t?
2
Let o = 367 + -351. What is the highest common divisor of o and 178?
2
Suppose -22*p + 13104 = 104*p. Calculate the greatest common factor of p and 10.
2
Suppose -4*t - 14 = -58. Let j(p) = p**2 - 7*p - 10. Let l be j(t). Suppose 0 = 4*s - 126 - l. What is the highest common divisor of s and 8?
8
Let y be 0 + 8*2/8. Suppose y*i - u = 4*i - 63, 3*u = 5*i - 185. Let r be 18/(-30) + 88/5. Calculate the greatest common divisor of i and r.
17
Let f = -2695 - -4103. Calculate the greatest common divisor of f and 11.
11
Suppose -2*f = d + 127 - 142, -5*d = 3*f - 26. What is the highest common divisor of 139 and d?
1
Let s = -20268 + 22410. What is the greatest common factor of s and 238?
238
Suppose -171 = -80*h + 77*h. Let s = -35 + h. Calculate the highest common divisor of 33 and s.
11
Suppose 0 = 105*n - 137*n + 22496. What is the greatest common divisor of n and 38?
19
Let c be (-5 - (5 + -187)) + 4. Let n = 17 + c. What is the highest common divisor of 88 and n?
22
Suppose -b - 2 - 1 = 0, 5*n - 5*b - 150 = 0. Suppose 18*d = n*d - 72. Calculate the highest common factor of 5 and d.
1
Suppose -134*t + 100800 = 132*t - 258*t. Calculate the highest common divisor of t and 28.
28
Suppose 480 = 7*z + 31*z - 356. What is the highest common factor of 38 and z?
2
Let u(z) = -z**2 + 78*z + 158. Let w be u(66). What is the highest common factor of w and 250?
50
Let g(z) = 29*z**3 - 2. Let r be g(1). Suppose 2*h - 3*h = -216. What is the greatest common factor of r and h?
27
Suppose 0*b - 4*b = -112. Suppose -4*y = -2*l - 130, -3*y + 0*l + l = -99. Suppose 0 = -y*m + 31*m + 252. What is the highest common factor of m and b?
28
Let k(j) = j**3 - 9*j**2 + 11*j - 9. Let u be k(8). Let n = u + -8. Let y be 1/(4*5/(-60)) - -80. What is the highest common factor of y and n?
7
Let s = 244 + -240. Let w be s - 5 - -246 - 1. Calculate the greatest common divisor of w and 183.
61
Suppose 4*v + 0*v = -2*v. Let x(m) = -3*m + 16. Let w be x(v). What is the greatest common divisor of 272 and w?
16
Let j = -141 - -141. Suppose j = 4*z - 981 + 81. What is the highest common factor of z and 9?
9
Suppose 5*u - 20 = 5*f, -5*u - 2*f - 2*f = -2. Let d(y) = 12*y - 3. Let j be d(u). Suppose 20*g = 233 + 187. Calculate the highest common factor of j and g.
21
Let f be 25*1 - 0/(-7 + 3). Suppose 22*k = f*k - 132. Suppose -5*w - 88 = -7*w. Calculate the greatest common factor of w and k.
44
Suppose -1213 = -3*x - 100. Let f = x - 333. Calculate the greatest common factor of f and 2.
2
Suppose -6*r + r = -25. Suppose 4*w + r = q, -3*w + 25 = 2*w + 5*q. Let d be 4 - -32 - (w - 4). Calculate the greatest common divisor of 60 and d.
20
Let w(k) be the second derivative of k**3/3 + 39*k**2/2 - k - 25. Let c be w(-19). Calculate the highest common divisor of 19 and c.
1
Suppose -96*y + 524 + 628 = 0. What is the greatest common divisor of 11604 and y?
12
Let v(o) = -o - 4. Let w be v(-10). Suppose -x + 5*n = 12, -3*x - 15 = -w*x - 2*n. Suppose 14 - 50 = -x*c. What is the greatest common divisor of c and 12?
12
Let p be (-3)/(-8) + 114609/552. Suppose 315 + 86 = 4*a + 3*t, 4*t = -20. Suppose -3*d - d = -a. What is the greatest common divisor of d and p?
26
Let i be 84/(-30) + 3 + 12074/5. Let s = -1281 + i. What is the greatest common divisor of 14 and s?
14
Suppose 2*j - 837 = -2*o + 151, j = -5*o + 490. What is the highest common divisor of 5 and j?
5
Let b(s) = 3*s**2 + 9*s - 16. Let y be b(-5). Let i = 100 + y. Suppose i = 11*l - 150. Calculate the greatest common factor of 24 and l.
24
Suppose 101*c - 89609 = -15*c + 3*c. What is the greatest common factor of 976 and c?
61
Suppose 3*i - 6*i - 346 = -2*l, 3*i = -4*l - 316. Let f be (30/(-45))/(i/(-57) - 2). What is the highest common divisor of 2 and f?
1
Let u(s) = -3*s**3 - 2*s - 240. Let k be u(-10). Calculate the highest common factor of 40 and k.
20
Let l be (-153)/(-4) + 4/(-16). Let k(q) = -247*q + 1486. Let t be k(6). Calculate the highest common divisor of l and t.
2
Let d = 2565 + -329. Calculate the greatest common divisor of d and 43.
43
Let l(s) = s + 5. Suppose 4*r + 2 + 6 = 0. Let i(x) = -4*x - 16. Let g(y) = r*i(y) - 7*l(y). Let o be g(7). Calculate the highest common factor of o and 20.
4
Let m(f) = 2*f**2 + 10*f - 111. Let k be m(-9). Suppose 2*d - 6*d + 180 = 0. Let c = k + d. Calculate the highest common divisor of 54 and c.
6
Suppose -68*d - 5*k + 96 = -67*d, 5*d - 654 = 4*k. Calculate the highest common factor of d and 24.
6
Suppose -11*j - 884 = -9*j. Let w = -80 + j. Let l be (w/72)/((-1)/44). Calculate the greatest common factor of l and 29.
29
Let w = -64 - -106. Let d be 12/w + (-57)/(-21) + -2. Let t be (1*8)/(0 - (-2)/d). What is the highest common factor of t and 48?
4
Let c be (5 - 40/(-15))/((-5)/(-135)). What is the highest common divisor of 26289 and c?
207
Let v(j) = 14*j + 12. Suppose 2*g - 19*r + 18*r = 16, -g + 4*r + 22 = 0. Let x be v(g). What is the greatest common divisor of 80 and x?
16
Let r be 54/4*12/18. Suppose -3*h + 3 + r = 0. Let l(m) = 58*m - 112. Let y be l(2). What is the highest common divisor of h and y?
4
Let y be 2 - 0*(-1)/(-2). Suppose -y*i + 5*i = 90. Suppose 609 + 27255 = 2005*j + 317*j. Calculate the highest common factor of i and j.
6
Let k(p) = -2*p - 6. Let d be k(-5). Suppose -j + 215 = d*j. Let t be ((-18558)/(-39) - 3) + (-51)/((-22542)/68). What is the greatest common factor of t and j?
43
Let v be 2 - -5 - (-31 + -10494 + 25). What is the highest common factor of 532 and v?
133
Let d = -4784 + 11374. What is the highest common factor of d and 30?
10
Let a be -10 + 0/(42/7). Let h be (30/(-24))/((-3)/(2 - a)). Suppose 0 = -2*x + x + 40. Calculate the greatest common divisor of x and h.
5
Let o = -1478 + 2702. What is the highest common divisor of 544 and o?
136
Let n(a) = 17*a**3 - 13*a**2 + 60*a - 363. Let f be n(9). Calculate the highest common divisor of f and 231.
33
Let n be (5/(-15))/(3/1107*-3). Let o(k) = 2*k**2 - 81*k + 10. Let g be o(n). What is the greatest common divisor of 255 and g?
51
Suppose -11*m - 107*m = 20*m - 1600800. Calculate the greatest common divisor of m and 348.
116
Let a be -1*(-2 - 13/(-26))*70/3. What is the greatest common factor of a and 10?
5
Let d be ((-49)/21 - 7)*-15. Calculate the highest common divisor of d and 875.
35
Let i be (-18 + -5 - -21)*7/(-2). What is the highest common factor of 97 and i?
1
Let l be 109/(-6) + (-15)/(-90) - -3. Let m be (36/(-30))/(2 + 36/l). Let j be m/((-15)/35 - (-44)/70). What is the highest common divisor of 6 and j?
3
Suppose -3*f = 4*t - 1028, 514*f - 517*f = 3*t - 768. What is the highest common factor of 60 and t?
20
Let r be 1*(1178/(-8) - 5/(-20)). Let k = 209 + r. Let i = 112 - k. Calculate the highest common divisor of 20 and i.
10
Suppose 9*c + 4*c - 31*c = -27648. Calculate the highest common factor of 18 and c.
6
Suppose 0 = 24*i - 995 + 203. Let n = 28 - 49. Let l = -10 - n. What is the highest common divisor of l and i?
11
Suppose 18*y - 19*y = 15*y - 1104. Calculate the highest common factor of 897 and y.
69
Suppose -t + 86 = 5*b - 94, -5*t = -3*b + 80. Calculate the highest common divisor of b and 2555.
35
Let t be 15/6 - (-12)/(-24). Suppose 0 = -4*j - 3*d + 186, t*j + 3*d - 50 = 40. Let y = -5 - -11. Calculate the greatest common divisor of j and y.
6
Let m = 19100 - 18066. What is the highest common divisor of 188 and m?
94
Suppose -8*f + 9 - 17 = 0. Let y be f + 7 + 5 + 4. Calculate the highest common factor of y and 270.
15
Suppose 19*b - 8*b = 30756. Suppose -2924 = -11*r + b. Calculate the highest common factor of r and 65.
65
Suppose 0 = 59*p + 136*p - 32175. Calculate the highest common divisor of 8745 and p.
165
Let k(r) = 6*r**2 + 184. Let u(g) = g**2 + 37. Let v(z) = 2*k(z) - 11*u(z). Let d be v(9). Calculate the highest common divisor of d and 189.
21
Let d = 0 + 4. Suppose 3*h - 60 = -56*v + 54*v, 120 = 4*v + h. Let a be 4*(1/(-6) - (-125)/v). Calculate the highest common factor of d and a.
4
Let l(f) = -f**2 + 31*f + 37. Let t be l(32). Suppose 165 = t*m - w, 4*w - 82 = -4*m + 74. Calculate the highest common divisor of m and 17.
17
Let b = 25606 - 2559